ermine s(5).
18
Let i(u) = -7*u - 3. Let o(y) = -y. Let a(j) = i(j) - 2*o(j). What is a(-2)?
7
Let g(m) = m**2 - 3*m - 2. Suppose 12 = -19*i - 26. What is g(i)?
8
Let m(d) = 1 - 6*d**2 - 3*d**2 + 8*d**2 + 2*d. Give m(-1).
-2
Let h(y) = y**2 - 2*y - 1. Suppose -3*m + 0*m + 12 = 0. Let n = 6 - m. Suppose 2*z - 6 = z + n*q, -5*z - 3*q + 4 = 0. Calculate h(z).
-1
Let a(u) = -u**3 + 3*u**2 - u + 3. Let p be (-10)/(-35) + (-38)/(-14). Let j = p - 0. Give a(j).
0
Let z(r) = -r + 7*r**2 - 17 + r**3 + 20 - r. Determine z(-7).
17
Let x(k) = -2*k**2 + 2*k. Let q = -8 - -8. Suppose 0 = -q*y - 5*y + 10. What is x(y)?
-4
Let t(h) = -8*h - 6. Let q(b) = -15*b - 11. Let m(w) = 6*q(w) - 11*t(w). Let n be 1/((-2)/(-6) + (-10)/(-15)). Determine m(n).
-2
Let d(l) = 2*l**2 - 1. Suppose 4*y + 26 = 3*k, k + 5 = -3*y - 4*k. Let q = y - -3. Calculate d(q).
7
Let z(l) = 2*l**3 - 9*l**2 + 10*l - 9. Let g be -1 + (-6 - 3)/(-3). Let m(s) = s**3 - 5*s**2 + 5*s - 4. Let p(k) = g*z(k) - 5*m(k). Determine p(6).
8
Let a(u) = 24*u - 1. Let o = -74 - -75. Determine a(o).
23
Let p = 17/21 + -9/14. Let r(h) be the second derivative of 2*h - p*h**3 - h**2 + 0. What is r(-5)?
3
Suppose 3*a + 0 = 15. Let n(f) be the third derivative of 1/15*f**a + 2*f**2 + 0 - 1/2*f**3 - 1/120*f**6 - 1/24*f**4 + 0*f. Calculate n(4).
-7
Suppose -5*j = -5*r + 14 - 4, -2*j - 3*r - 19 = 0. Let c = -11 - j. Let l(o) = -o**2 - 5*o + 3. Determine l(c).
-3
Let a = -6 + 8. Suppose 0 = -3*x - 2*p + p - a, 2*p = x - 4. Let v(z) = x*z**2 + z - 2*z + z**2. Determine v(1).
0
Let g(v) = v - 1. Let y(d) be the first derivative of -1 - 12*d + 1/2*d**2. Let c be y(9). Determine g(c).
-4
Let x(l) = -4 + 1 - 1 + 4*l + 5. Suppose 2*k + 5*j + 41 = 0, j + 8 = 3. Let z be ((-4)/k)/(2/8). What is x(z)?
9
Let u(d) = -4 + 4 - 2*d**3 + 10*d**2 - 8*d**2 - 1. Give u(1).
-1
Let h be (-19)/(-7) + 2/7. Suppose j + 2 = h. Let w(k) = -2*k - k**2 - k**2 + 6*k**2 + 1. Calculate w(j).
3
Let z(n) = -n**3 - 8*n**2 + 3. Suppose -b = 8 - 0. Let r be z(b). Let w(g) = -2 + 3*g**2 - g + g - g**3 + 2*g**r. Give w(-2).
2
Let a(g) = -2*g**3 - g - 1. Let z(c) = c**2 + 5*c + 5. Let y be z(-2). Determine a(y).
2
Let n(y) = 16*y**3 - y**2 - 3*y - 2. Let b(d) = 17*d**3 - 2*d**2 - 4*d - 3. Let z(t) = -2*b(t) + 3*n(t). Determine z(1).
14
Let i(v) = -v**2 + 4*v - 3. Let a be i(3). Suppose c + a*c = 3. Let j = 4 - c. Let x(z) = 7*z**3 - 2*z**2 + 2*z - 1. Determine x(j).
6
Let k(m) = -m**2 - 17*m - 2. Let n be k(-17). Suppose -w + 3*w + 2*c - 8 = 0, w - 2*c - 4 = 0. Let j(o) = -w - 2 + 3 - 2*o. Determine j(n).
1
Let q(x) = -6*x**3 - 51*x**2 + 24*x + 51. Let w(k) = k**3 + 10*k**2 - 5*k - 10. Let p(o) = -2*q(o) - 11*w(o). Determine p(7).
8
Let l(q) be the third derivative of -q**6/120 - q**5/10 + q**4/24 + q**3/6 - 30*q**2. Give l(-6).
-5
Let y(i) = -2*i**2 - 2*i + 4. Let m = -3 + 4. Let g be (-1 + 2)*-2 - m. Determine y(g).
-8
Let v(h) = 17*h - 22. Let c(n) = 4*n - 5. Let j(w) = -9*c(w) + 2*v(w). Let k = 9 + -15. Let f = k - -3. Give j(f).
7
Suppose -2*j - 5*g - 5 = 0, g + 22 = 2*j - 3. Let n = j + -14. Let z(p) be the third derivative of -p**6/120 - p**5/12 - p**4/6 - p**3 + p**2. Determine z(n).
-6
Let g(f) = -f**3 - 3*f**2 + 5*f + 3. Let r(z) = -z. Let m be r(-2). Suppose m*l - 12 = 5*l. Determine g(l).
-1
Let y(v) be the first derivative of v**5/120 - 3*v**4/8 + v**3 + 3. Let x(f) be the third derivative of y(f). Let w(a) = -5*a. Let m be w(-1). Calculate x(m).
-4
Let h(r) = r + 5. Let d(s) = -s**3 + 3*s**2 + 6*s - 6. Let m be d(4). Let t = -2 + m. Suppose t = -4*x + x. Give h(x).
5
Let p(r) be the second derivative of -r**5/20 + r**4/4 - r**3/6 + r**2 + 2*r. Suppose -a = -2*a + 3. Suppose a*i = 8 - 2. Give p(i).
4
Let q(r) = -r**2 + 3*r - 3. Let c = 7 - -5. Suppose -2*p = -0*p + 3*t - 20, p - c = -2*t. Calculate q(p).
-7
Let t(z) = -7*z + 1. Let n = 10 - 6. Suppose 0 = m - 3 + n. Determine t(m).
8
Let s = 2 + 0. Suppose n = -3*u - 11, -s*u = n - 0*n + 6. Let y(r) = -r**3 + 4*r**2 + 3*r - 5. Calculate y(n).
7
Suppose 0 = -3*r + 2*r - 4. Let h(f) = 11*f + 25. Let d(j) = 5*j + 12. Let z(b) = -9*d(b) + 4*h(b). What is z(r)?
-4
Let k(d) = d**3 + 3*d**2 + 2*d - 2. Let r = 32 + -49. Let b be 1/3 - r/3. Suppose -b = 3*w - 5*s, 8*w + 10 = 3*w + 2*s. Calculate k(w).
-2
Suppose 1 + 2 = -t. Let z(l) = 3*l**2 - 7*l - 4. Let a(i) = 4*i**2 - 8*i - 4. Let b(o) = 4*a(o) - 5*z(o). Give b(t).
4
Let r(b) = -b**3 + 2*b**2 + 6*b + 4. Let y be r(4). Let p(g) be the first derivative of g**2/2 + 3*g - 1. Give p(y).
-1
Let o(k) = -k**2 - 7*k - 6. Let q(n) = -n**2 + 4*n - 7. Let i be q(0). Calculate o(i).
-6
Let d(j) be the third derivative of j**6/720 - j**5/60 + j**4/8 + 4*j**2. Let w(m) be the second derivative of d(m). Determine w(-3).
-5
Let o = -5 - -6. Let d(g) = -2*g**2 + 4*g + 5. Let v(b) = b + 1. Let w(i) = o*d(i) - 5*v(i). Give w(1).
-3
Let d(y) be the third derivative of -y**6/120 - y**5/10 - 7*y**4/24 - y**3/6 + y**2. Let c be ((-10)/(-4))/(3/(-6)). Determine d(c).
9
Let w(f) = 4*f - 2. Let g be (-2)/2*(-2)/(-4)*6. Calculate w(g).
-14
Let b(z) be the third derivative of z**5/30 + z**4/12 + z**3/6 + 9*z**2. Give b(-2).
5
Let v = -37 - -14. Let u = v - -17. Let n(q) = -2*q**2 - 25*q - 23. Let t(w) = -w**2 - 12*w - 11. Let y(o) = 4*n(o) - 9*t(o). What is y(u)?
-5
Let l(m) = -m**3 + 6*m**2 - m + 8. Let q be l(6). Let y(o) = 5 - 3*o**2 - o - 6*o + 2*o**q + 2*o. Determine y(-6).
-1
Let o(j) = -j**2 - 12*j - 1. Let s(w) be the third derivative of -w**5/60 - 11*w**4/24 - w**3/6 + 3*w**2. Let q(v) = -5*o(v) + 6*s(v). Give q(-5).
4
Let u(x) = -4*x**2 + 4*x + 2. Let g be (-1)/((-1)/(-4)) + 0. Let t(a) = 5*a**2 - 4*a - 3. Let d = -1 + -2. Let z(h) = d*t(h) + g*u(h). What is z(4)?
1
Let p(c) = -4*c**3 - 7*c**2 + 10*c + 5. Let r(a) = a**3 + 2*a**2 - 3*a - 2. Let q(k) = -2*p(k) - 7*r(k). Let t be -1 + (2 - 3) + 2. Determine q(t).
4
Suppose -f - 2*f = -12. Suppose 0 = 4*c - y + 4*y + 25, 5*c = -f*y - 32. Let l(x) be the first derivative of -x**4/4 - x**3 + 3*x**2/2 - 1. Calculate l(c).
4
Let k(h) = -7*h**2 + h - 10. Let m(c) = c**2 + 1. Let v(t) = -k(t) - 6*m(t). Determine v(0).
4
Let p(q) = q**3 - 5*q**2 + 2*q + 5. Let l(h) = h**2 - 7*h + 4. Suppose -4*w + 4 + 24 = -3*i, 0 = 5*i. Let x be l(w). Give p(x).
-3
Let a(n) = -n. Let v(b) = 2*b + 1. Let l(p) = -3*a(p) - v(p). Let m(u) be the third derivative of u**4/12 - u**3/3 - u**2. Let f be m(2). Determine l(f).
1
Let t(h) = 4*h - 35. Let w be t(7). Let f(v) = -v**3 - 6*v**2 + 6*v + 1. What is f(w)?
8
Let h(i) = -i**2 - 2*i - 6. Let r(g) = 2*g**2 + 3*g + 7. Let j(n) = 3*h(n) + 2*r(n). Determine j(-3).
5
Let u = 1 - 0. Suppose -i = -u - 6. Let a(h) = i + h - 5 + 4. What is a(-6)?
0
Let x(a) = a**3 - 2*a + 3. Let v be x(2). Suppose -3*i = 22 - v. Let z(q) = -q**2 - 6*q + 1. Calculate z(i).
6
Let q(t) = 2 - 3*t - 4 + 1 + 4*t. Give q(-6).
-7
Let b be 16/40 + 26/10. Let k(c) = -7*c + 0*c + c**2 + b*c - 2. Suppose -5*s + 28 = 2*l, 2*s + 3*l = -0*l + 20. What is k(s)?
-2
Let y(i) be the first derivative of 3*i**2/2 + 2*i + 1. Suppose 0*r - 4*s + 6 = 5*r, -5*r = 3*s - 7. Calculate y(r).
8
Suppose -11 = -5*r - 6. Let s(p) be the first derivative of 2*p**2 - p - 2. Calculate s(r).
3
Suppose 3*q - 2*q = 5. Let l(v) = 0*v**2 - 2*v - q*v**2 + 1 + 2*v**2 + 1 + v**3. Calculate l(2).
-6
Let o(j) be the first derivative of 1/3*j**3 + 1/2*j**2 + 1 + 0*j. What is o(1)?
2
Let h(f) = -2. Let d(x) = -x. Let o(k) = -3*d(k) + h(k). What is o(7)?
19
Suppose 3*v + z = 13, 2*z + 12 = 2*v + z. Let p(h) = -2*h + 2. Determine p(v).
-8
Suppose y = -3*y + 36. Let u = y - 7. Suppose u*w + 14 = 2. Let j(m) = -m**2 - 6*m - 7. What is j(w)?
-7
Suppose -5*n - 28 = 4*v, 4*v = -n + v - 10. Let f(w) = -w**3 - 5*w**2 - 2*w + 3. Let a be f(n). Let i(z) = z**2 + 5*z + 6. What is i(a)?
6
Let i(w) be the second derivative of 3*w**5/20 + w**4/12 + w**2 - w. Let y(r) = 5*r**3 + r**2 + 3. Let q(p) = 7*i(p) - 4*y(p). Calculate q(-3).
2
Suppose z + 0 = 8. Let a be z/(-20) + (-34)/(-10). Let n(l) = 1 + l**2 - 3*l + 4*l**3 - 3*l**a - 4*l**2. What is n(4)?
5
Let j(q) = 2 - 3 + 4*q**3 + 2*q**2 + q**2 - 2*q**2. Calculate j(-1).
-4
Suppose -3*f - 6 = 3. Let a be 3 + 0 + f/(-3). Let z(o) = o. Let i(y) = -2*y**2 + 11*y - 6. Let n(d) = i(d) - 4*z(d). Give n(a).
-10
Suppose 4*q - 25 = -q.